is the greatest common factor of 568 and 56?
8
Calculate the highest common factor of 146979 and 63.
63
What is the greatest common factor of 7363 and 6368?
199
What is the highest common divisor of 116160 and 253?
11
Calculate the highest common divisor of 8 and 1390112.
8
Calculate the highest common factor of 212 and 50774.
106
What is the highest common divisor of 90210 and 60?
30
What is the highest common divisor of 183 and 1896551?
61
What is the greatest common divisor of 4249809 and 549?
549
What is the highest common factor of 1116 and 9018?
18
What is the greatest common factor of 22 and 27533?
11
Calculate the greatest common factor of 329 and 335721.
47
Calculate the greatest common divisor of 23838 and 92475.
411
Calculate the greatest common factor of 1450 and 11890.
290
What is the greatest common factor of 4221 and 1008?
63
Calculate the greatest common divisor of 465986 and 1812.
302
What is the highest common factor of 2413735 and 345?
115
What is the highest common factor of 14133 and 21?
21
Calculate the highest common factor of 7 and 179.
1
Calculate the highest common factor of 17306 and 323.
17
Calculate the greatest common factor of 347510 and 2360.
590
Calculate the greatest common factor of 8702 and 950.
38
What is the greatest common factor of 196 and 2528204?
196
Calculate the highest common divisor of 576 and 268128.
288
What is the greatest common factor of 150 and 12419700?
150
What is the greatest common divisor of 40824 and 5346?
486
Calculate the highest common factor of 2354505 and 15.
15
Calculate the highest common factor of 463834 and 2.
2
Calculate the greatest common factor of 59244 and 12.
12
What is the highest common divisor of 53392 and 12496?
1136
What is the greatest common divisor of 322236 and 36?
36
What is the greatest common divisor of 197778 and 277?
277
What is the greatest common divisor of 97079 and 772?
193
What is the highest common factor of 13536 and 306?
18
Calculate the greatest common divisor of 28 and 932414.
14
What is the highest common factor of 9196 and 3971?
209
Calculate the greatest common factor of 413 and 4189.
59
What is the greatest common divisor of 41067 and 212940?
1521
Calculate the greatest common divisor of 420 and 403800.
60
What is the highest common factor of 291 and 1552?
97
What is the highest common divisor of 1399836 and 318?
318
Calculate the highest common divisor of 174 and 2658.
6
Calculate the greatest common factor of 22284 and 2412.
36
What is the highest common factor of 92 and 5267?
23
Calculate the greatest common factor of 165 and 111702.
3
What is the highest common divisor of 194 and 212818?
194
What is the highest common factor of 816891 and 69?
69
Calculate the highest common factor of 7930 and 715.
65
What is the highest common divisor of 4776 and 136514?
398
What is the highest common divisor of 14803 and 1808?
113
Calculate the highest common divisor of 1401 and 827057.
467
Calculate the highest common divisor of 27 and 384075.
27
What is the highest common factor of 2499 and 14406?
147
What is the greatest common divisor of 39 and 15249?
39
Calculate the highest common divisor of 5015 and 3825.
85
What is the greatest common factor of 975 and 56355?
195
What is the highest common divisor of 126 and 43740?
18
What is the greatest common factor of 616 and 13244?
308
What is the greatest common factor of 125 and 1270375?
125
What is the highest common divisor of 27392 and 5888?
256
Calculate the highest common factor of 124 and 12834.
62
Calculate the greatest common divisor of 15810 and 2210.
170
What is the highest common factor of 33 and 40997?
11
Calculate the greatest common divisor of 180 and 10404.
36
Calculate the highest common factor of 1508 and 116.
116
Calculate the highest common divisor of 217 and 528643.
31
What is the highest common divisor of 22 and 48301?
11
What is the highest common factor of 104939 and 66496?
1039
Calculate the greatest common factor of 11374 and 282.
94
Calculate the highest common divisor of 1485 and 17883.
9
Calculate the greatest common factor of 204 and 10500.
12
Calculate the highest common factor of 6380 and 2112.
44
Calculate the greatest common factor of 29674 and 518.
74
Calculate the highest common divisor of 4648 and 2854453.
581
What is the highest common divisor of 50704 and 32?
16
What is the greatest common factor of 675 and 55179?
9
Calculate the greatest common factor of 186 and 418686.
186
Calculate the highest common factor of 154 and 477466.
22
What is the greatest common factor of 63506 and 15594?
226
What is the highest common divisor of 14592 and 48336?
912
Calculate the greatest common divisor of 8 and 210472.
8
What is the greatest common factor of 133095 and 23817?
1401
Calculate the highest common factor of 5412 and 1452.
132
What is the greatest common divisor of 8240 and 25235?
515
What is the greatest common factor of 36 and 521694?
18
What is the highest common divisor of 87231 and 48?
3
Calculate the highest common factor of 55877 and 4544.
71
What is the greatest common factor of 3968 and 800?
32
Calculate the highest common factor of 176 and 1693560.
88
What is the greatest common factor of 306 and 3162?
102
What is the greatest common factor of 2651 and 86760?
241
What is the highest common divisor of 3622443 and 1023?
1023
Calculate the highest common divisor of 105 and 81655.
35
What is the highest common divisor of 302 and 1858?
2
Calculate the highest common factor of 80965 and 35.
5
What is the highest common divisor of 9728 and 2964?
76
Calculate the highest common factor of 177 and 11505.
177
Calculate the highest common factor of 30 and 7090.
10
Calculate the highest common factor of 29203 and 46835.
551
Calculate the highest common factor of 1036 and 236.
4
What is the highest common factor of 3444 and 363342?
1722
What is the greatest common factor of 1027847 and 58?
29
Calculate the greatest common divisor of 102 and 296718.
102
Calculate the highest common divisor of 60264 and 45384.
744
Calculate the greatest common divisor of 28 and 352004.
4
Calculate the greatest common factor of 98 and 4418.
2
What is the highest common factor of 14880 and 2640?
240
Calculate the greatest common divisor of 254794 and 92.
46
Calculate the greatest common factor of 28134 and 108.
54
What is the highest common factor of 100 and 344900?
100
What is the greatest common divisor of 13486 and 858?
22
Calculate the highest common divisor of 15635 and 19765.
295
What is the greatest common factor of 2230 and 1120?
10
Calculate the greatest common factor of 4 and 119524.
4
What is the greatest common factor of 805 and 94465?
35
Calculate the greatest common factor of 6052405 and 865.
865
Calculate the highest common divisor of 94 and 60404.
2
What is the highest common divisor of 34817 and 148?
37
Calculate the greatest common factor of 460 and 537970.
230
What is the highest common divisor of 11843 and 387175?
911
Calculate the highest common divisor of 465 and 1338177.
93
Calculate the greatest common factor of 435509 and 397.
397
What is the greatest common divisor of 434 and 56?
14
What is the greatest common divisor of 1001 and 3619?
77
What is the highest common divisor of 1155 and 161238?
231
Calculate the highest common factor of 766668 and 63.
21
What is the greatest common factor of 6365 and 6707?
19
Calculate the highest common divisor of 204 and 276114.
102
Calculate the highest common factor of 65720 and 132680.
1240
What is the greatest common factor of 31864 and 448?
56
What is the highest common factor of 331108 and 59?
59
What is the greatest common divisor of 9536 and 5513?
149
Calculate the greatest common factor of 1363 and 2397.
47
What is the highest common divisor of 454524 and 168?
84
Calculate the greatest common divisor of 21 and 318.
3
Calculate the highest common factor of 777 and 9849.
21
What is the highest common divisor of 5164 and 64?
4
What is the highest common factor of 3689 and 2567?
17
Calculate the highest common divisor of 12635 and 14245.
35
Calculate the greatest common factor of 238 and 29920.
34
Calculate the greatest common factor of 516 and 36507.
129
Calculate the greatest common divisor of 632 and 32.
8
What is the greatest com